{"id":94,"date":"2017-02-22T13:49:18","date_gmt":"2017-02-22T13:49:18","guid":{"rendered":"https:\/\/rustico-pila.ch\/?page_id=94"},"modified":"2018-10-31T18:11:15","modified_gmt":"2018-10-31T18:11:15","slug":"standort","status":"publish","type":"page","link":"https:\/\/rustico-pila.ch\/?page_id=94","title":{"rendered":"Standort"},"content":{"rendered":"<p>[et_pb_section bb_built=&#8220;1&#8243; transparent_background=&#8220;off&#8220; allow_player_pause=&#8220;off&#8220; inner_shadow=&#8220;off&#8220; parallax=&#8220;off&#8220; parallax_method=&#8220;off&#8220; make_fullwidth=&#8220;off&#8220; use_custom_width=&#8220;off&#8220; width_unit=&#8220;on&#8220; custom_width_px=&#8220;1080px&#8220; custom_width_percent=&#8220;80%&#8220; make_equal=&#8220;off&#8220; use_custom_gutter=&#8220;off&#8220; fullwidth=&#8220;on&#8220; specialty=&#8220;off&#8220; disabled=&#8220;off&#8220;][et_pb_fullwidth_image src=&#8220;https:\/\/rustico-pila.ch\/wp-content\/uploads\/2017\/02\/IMG_0644-3.jpg&#8220; show_in_lightbox=&#8220;off&#8220; url_new_window=&#8220;off&#8220; use_overlay=&#8220;off&#8220; animation=&#8220;off&#8220; use_border_color=&#8220;off&#8220; border_color=&#8220;#000000&#8243; border_style=&#8220;solid&#8220; disabled=&#8220;off&#8220; \/][\/et_pb_section][et_pb_section bb_built=&#8220;1&#8243; admin_label=&#8220;section&#8220; transparent_background=&#8220;off&#8220; allow_player_pause=&#8220;off&#8220; inner_shadow=&#8220;off&#8220; parallax=&#8220;off&#8220; parallax_method=&#8220;on&#8220; make_fullwidth=&#8220;off&#8220; use_custom_width=&#8220;off&#8220; width_unit=&#8220;off&#8220; custom_width_px=&#8220;1080px&#8220; custom_width_percent=&#8220;80%&#8220; make_equal=&#8220;off&#8220; use_custom_gutter=&#8220;off&#8220; fullwidth=&#8220;off&#8220; specialty=&#8220;off&#8220; disabled=&#8220;off&#8220;][et_pb_row make_fullwidth=&#8220;off&#8220; use_custom_width=&#8220;off&#8220; width_unit=&#8220;off&#8220; custom_width_px=&#8220;1080px&#8220; custom_width_percent=&#8220;80%&#8220; use_custom_gutter=&#8220;off&#8220; gutter_width=&#8220;3&#8243; allow_player_pause=&#8220;off&#8220; parallax=&#8220;off&#8220; parallax_method=&#8220;on&#8220; make_equal=&#8220;off&#8220; parallax_1=&#8220;off&#8220; parallax_method_1=&#8220;on&#8220; parallax_2=&#8220;off&#8220; parallax_method_2=&#8220;on&#8220; parallax_3=&#8220;off&#8220; parallax_method_3=&#8220;on&#8220; parallax_4=&#8220;off&#8220; parallax_method_4=&#8220;on&#8220; disabled=&#8220;off&#8220; background_position=&#8220;top_left&#8220; background_repeat=&#8220;repeat&#8220; background_size=&#8220;initial&#8220;][et_pb_column type=&#8220;4_4&#8243;][et_pb_text background_layout=&#8220;light&#8220; text_font=&#8220;Open Sans||||&#8220; use_border_color=&#8220;on&#8220; border_style=&#8220;solid&#8220; disabled=&#8220;off&#8220; saved_tabs=&#8220;all&#8220; border_color=&#8220;#000000&#8243; custom_padding=&#8220;10px|10px|10px|10px&#8220; module_alignment=&#8220;left&#8220; background_position=&#8220;top_left&#8220; background_repeat=&#8220;repeat&#8220; background_size=&#8220;initial&#8220; _builder_version=&#8220;3.0.76&#8243;] Pila liegt friedlich auf seiner Sonnenterrasse oberhalb von Intragna und geniesst die Stille. Es f\u00fchrt n\u00e4mlich keine Strasse an diesen Ort. Nur zu Fuss oder mit der Seilbahn erreicht man den Weiler. W\u00e4hrend der warmen Jahreszeit spazieren hie und da ein paar Touristen durchs Dorf, im Winter wird es in Pila wieder ruhig. [\/et_pb_text][\/et_pb_column][\/et_pb_row][et_pb_row admin_label=&#8220;row&#8220; make_fullwidth=&#8220;off&#8220; use_custom_width=&#8220;off&#8220; width_unit=&#8220;off&#8220; custom_width_px=&#8220;1080px&#8220; custom_width_percent=&#8220;80%&#8220; use_custom_gutter=&#8220;off&#8220; gutter_width=&#8220;3&#8243; allow_player_pause=&#8220;off&#8220; parallax=&#8220;off&#8220; parallax_method=&#8220;on&#8220; make_equal=&#8220;off&#8220; parallax_1=&#8220;off&#8220; parallax_method_1=&#8220;on&#8220; parallax_2=&#8220;off&#8220; parallax_method_2=&#8220;on&#8220; parallax_3=&#8220;off&#8220; parallax_method_3=&#8220;on&#8220; parallax_4=&#8220;off&#8220; parallax_method_4=&#8220;on&#8220; disabled=&#8220;off&#8220; background_position=&#8220;top_left&#8220; background_repeat=&#8220;repeat&#8220; background_size=&#8220;initial&#8220;][et_pb_column type=&#8220;1_2&#8243;][et_pb_image src=&#8220;https:\/\/rustico-pila.ch\/wp-content\/uploads\/2017\/02\/IMG_5571-1.jpg&#8220; alt=&#8220;Pila mit Blick auf den Lago Maggiore&#8220; title_text=&#8220;Pila mit Blick auf den Lago Maggiore&#8220; show_in_lightbox=&#8220;on&#8220; url_new_window=&#8220;off&#8220; use_overlay=&#8220;off&#8220; sticky=&#8220;off&#8220; align=&#8220;left&#8220; force_fullwidth=&#8220;off&#8220; always_center_on_mobile=&#8220;on&#8220; use_border_color=&#8220;off&#8220; border_color=&#8220;#ffffff&#8220; border_style=&#8220;solid&#8220; disabled=&#8220;off&#8220; animation=&#8220;off&#8220; \/][et_pb_text background_layout=&#8220;light&#8220; text_orientation=&#8220;center&#8220; text_font=&#8220;Times New Roman||on||&#8220; text_font_size=&#8220;16&#8243; use_border_color=&#8220;off&#8220; border_style=&#8220;solid&#8220; custom_margin=&#8220;-20px|||&#8220; disabled=&#8220;off&#8220; saved_tabs=&#8220;all&#8220; border_color=&#8220;#ffffff&#8220; module_alignment=&#8220;center&#8220; background_position=&#8220;top_left&#8220; background_repeat=&#8220;repeat&#8220; background_size=&#8220;initial&#8220;] Pila mit Blick auf den Lago Maggiore [\/et_pb_text][\/et_pb_column][et_pb_column type=&#8220;1_2&#8243;][et_pb_image src=&#8220;https:\/\/rustico-pila.ch\/wp-content\/uploads\/2017\/02\/IMG_5277-1.jpg&#8220; alt=&#8220;Das Rustico im oberen Dorfteil von Pila (kleines H\u00e4uschen in der Mitte mit 2 Kaminen)&#8220; title_text=&#8220;Das Rustico im oberen Dorfteil von Pila (kleines H\u00e4uschen in der Mitte mit 2 Kaminen)&#8220; show_in_lightbox=&#8220;on&#8220; url_new_window=&#8220;off&#8220; use_overlay=&#8220;off&#8220; sticky=&#8220;off&#8220; align=&#8220;left&#8220; force_fullwidth=&#8220;off&#8220; always_center_on_mobile=&#8220;on&#8220; use_border_color=&#8220;off&#8220; border_color=&#8220;#ffffff&#8220; border_style=&#8220;solid&#8220; disabled=&#8220;off&#8220; animation=&#8220;off&#8220; \/][et_pb_text background_layout=&#8220;light&#8220; text_orientation=&#8220;center&#8220; text_font=&#8220;Times New Roman||on||&#8220; text_font_size=&#8220;16&#8243; use_border_color=&#8220;off&#8220; border_style=&#8220;solid&#8220; custom_margin=&#8220;-20px|||&#8220; disabled=&#8220;off&#8220; saved_tabs=&#8220;all&#8220; border_color=&#8220;#ffffff&#8220; module_alignment=&#8220;center&#8220; background_position=&#8220;top_left&#8220; background_repeat=&#8220;repeat&#8220; background_size=&#8220;initial&#8220;] Das Rustico im oberen Dorfteil von Pila (kleines H\u00e4uschen in der Mitte mit 2 Kaminen) [\/et_pb_text][\/et_pb_column][\/et_pb_row][et_pb_row _builder_version=&#8220;3.0.76&#8243;][et_pb_column type=&#8220;4_4&#8243;][et_pb_image src=&#8220;https:\/\/rustico-pila.ch\/wp-content\/uploads\/2017\/09\/IMG_1284_def.jpg&#8220; alt=&#8220;Herbststimmung in Pila&#8220; title_text=&#8220;Herbststimmung in Pila&#8220; show_in_lightbox=&#8220;on&#8220; url_new_window=&#8220;off&#8220; use_overlay=&#8220;off&#8220; animation=&#8220;off&#8220; sticky=&#8220;off&#8220; align=&#8220;left&#8220; force_fullwidth=&#8220;on&#8220; always_center_on_mobile=&#8220;on&#8220; border_style=&#8220;solid&#8220; disabled=&#8220;off&#8220; saved_tabs=&#8220;all&#8220; _builder_version=&#8220;3.0.76&#8243; show_bottom_space=&#8220;on&#8220; border_color=&#8220;#000000&#8243; border_width=&#8220;2px&#8220; \/][et_pb_text background_layout=&#8220;light&#8220; text_orientation=&#8220;center&#8220; text_font=&#8220;Times New Roman||on||&#8220; text_font_size=&#8220;16px&#8220; border_style=&#8220;solid&#8220; custom_margin=&#8220;-20px|||&#8220; disabled=&#8220;off&#8220; saved_tabs=&#8220;all&#8220; _builder_version=&#8220;3.0.76&#8243; module_alignment=&#8220;center&#8220;]<\/p>\n<p style=\"text-align: left;\">Herbststimmung in Pila<\/p>\n<p>[\/et_pb_text][et_pb_image src=&#8220;https:\/\/rustico-pila.ch\/wp-content\/uploads\/2017\/09\/IMG_1352_def.jpg&#8220; alt=&#8220;Blick von Pila auf Locarno&#8220; title_text=&#8220;Blick von Pila auf Locarno&#8220; show_in_lightbox=&#8220;on&#8220; url_new_window=&#8220;off&#8220; use_overlay=&#8220;off&#8220; animation=&#8220;off&#8220; sticky=&#8220;off&#8220; align=&#8220;left&#8220; force_fullwidth=&#8220;off&#8220; always_center_on_mobile=&#8220;on&#8220; border_style=&#8220;solid&#8220; disabled=&#8220;off&#8220; saved_tabs=&#8220;all&#8220; _builder_version=&#8220;3.0.76&#8243; show_bottom_space=&#8220;on&#8220; animation_direction=&#8220;off&#8220; \/][et_pb_text background_layout=&#8220;light&#8220; text_orientation=&#8220;center&#8220; text_font=&#8220;Times New Roman||on||&#8220; text_font_size=&#8220;16px&#8220; border_style=&#8220;solid&#8220; custom_margin=&#8220;-20px|||&#8220; disabled=&#8220;off&#8220; saved_tabs=&#8220;all&#8220; _builder_version=&#8220;3.0.76&#8243; module_alignment=&#8220;center&#8220;]<\/p>\n<p style=\"text-align: left;\">Blick von Pila auf Locarno<\/p>\n<p>[\/et_pb_text][et_pb_image src=&#8220;https:\/\/rustico-pila.ch\/wp-content\/uploads\/2018\/01\/IMG_2049_a.jpg&#8220; alt=&#8220;Winterstimmung in Pila!&#8220; title_text=&#8220;Winterstimmung in Pila!&#8220; show_in_lightbox=&#8220;on&#8220; url_new_window=&#8220;off&#8220; use_overlay=&#8220;off&#8220; animation=&#8220;off&#8220; sticky=&#8220;off&#8220; align=&#8220;left&#8220; force_fullwidth=&#8220;off&#8220; always_center_on_mobile=&#8220;on&#8220; border_style=&#8220;solid&#8220; disabled=&#8220;off&#8220; saved_tabs=&#8220;all&#8220; _builder_version=&#8220;3.0.76&#8243; show_bottom_space=&#8220;on&#8220; animation_direction=&#8220;off&#8220; \/][et_pb_text background_layout=&#8220;light&#8220; text_font=&#8220;Times New Roman||on||&#8220; text_font_size=&#8220;16px&#8220; border_style=&#8220;solid&#8220; custom_margin=&#8220;-20px|||&#8220; disabled=&#8220;off&#8220; saved_tabs=&#8220;all&#8220; _builder_version=&#8220;3.0.76&#8243; module_alignment=&#8220;center&#8220;]<\/p>\n<p>Winterstimmung in Pila!<\/p>\n<p>[\/et_pb_text][\/et_pb_column][\/et_pb_row][et_pb_row make_fullwidth=&#8220;off&#8220; use_custom_width=&#8220;off&#8220; width_unit=&#8220;off&#8220; custom_width_px=&#8220;1080px&#8220; custom_width_percent=&#8220;80%&#8220; use_custom_gutter=&#8220;off&#8220; gutter_width=&#8220;3&#8243; allow_player_pause=&#8220;off&#8220; parallax=&#8220;off&#8220; parallax_method=&#8220;on&#8220; make_equal=&#8220;off&#8220; parallax_1=&#8220;off&#8220; parallax_method_1=&#8220;on&#8220; parallax_2=&#8220;off&#8220; parallax_method_2=&#8220;on&#8220; parallax_3=&#8220;off&#8220; parallax_method_3=&#8220;on&#8220; parallax_4=&#8220;off&#8220; parallax_method_4=&#8220;on&#8220; disabled=&#8220;off&#8220; background_position=&#8220;top_left&#8220; background_repeat=&#8220;repeat&#8220; background_size=&#8220;initial&#8220;][et_pb_column type=&#8220;1_2&#8243;][et_pb_image src=&#8220;https:\/\/rustico-pila.ch\/wp-content\/uploads\/2017\/02\/intragna-e1447193545871.jpg&#8220; alt=&#8220;Intragna&#8220; title_text=&#8220;Intragna&#8220; show_in_lightbox=&#8220;on&#8220; url_new_window=&#8220;off&#8220; use_overlay=&#8220;off&#8220; sticky=&#8220;off&#8220; align=&#8220;left&#8220; force_fullwidth=&#8220;off&#8220; always_center_on_mobile=&#8220;on&#8220; use_border_color=&#8220;off&#8220; border_color=&#8220;#ffffff&#8220; border_style=&#8220;solid&#8220; disabled=&#8220;off&#8220; animation=&#8220;off&#8220; \/][et_pb_text background_layout=&#8220;light&#8220; text_orientation=&#8220;center&#8220; text_font=&#8220;Times New Roman||on||&#8220; text_font_size=&#8220;16&#8243; use_border_color=&#8220;off&#8220; border_style=&#8220;solid&#8220; custom_margin=&#8220;-20px|||&#8220; disabled=&#8220;off&#8220; saved_tabs=&#8220;all&#8220; border_color=&#8220;#ffffff&#8220; module_alignment=&#8220;center&#8220; background_position=&#8220;top_left&#8220; background_repeat=&#8220;repeat&#8220; background_size=&#8220;initial&#8220; _builder_version=&#8220;3.0.76&#8243;] Intragna [\/et_pb_text][\/et_pb_column][et_pb_column type=&#8220;1_2&#8243;][et_pb_text background_layout=&#8220;light&#8220; text_orientation=&#8220;left&#8220; text_font=&#8220;Open Sans||||&#8220; use_border_color=&#8220;on&#8220; border_style=&#8220;solid&#8220; disabled=&#8220;off&#8220; saved_tabs=&#8220;all&#8220; border_color=&#8220;#000000&#8243; custom_padding=&#8220;10px|10px|10px|10px&#8220; module_alignment=&#8220;left&#8220; background_position=&#8220;top_left&#8220; background_repeat=&#8220;repeat&#8220; background_size=&#8220;initial&#8220; _builder_version=&#8220;3.0.76&#8243;] Intragna, das Dorf eingangs Centovalli mit seinem stolzen Campanile, ist von Pila aus zu Fuss in einer knappen halben Stunde oder mit der Seilbahn leicht erreichbar. Von dort aus sind es nur noch wenige Kilometer bis nach Locarno \u2013 ein Katzensprung mit der malerischen Centovallibahn. Zum Einkaufen f\u00e4hrt man am besten nach Verscio. In Intragna gibt es nur noch den Metzger und den B\u00e4cker. [\/et_pb_text][\/et_pb_column][\/et_pb_row][\/et_pb_section]<\/p>\n","protected":false},"excerpt":{"rendered":"<p>Pila liegt friedlich auf seiner Sonnenterrasse oberhalb von Intragna und geniesst die Stille. Es f\u00fchrt n\u00e4mlich keine Strasse an diesen Ort. Nur zu Fuss oder mit der Seilbahn erreicht man den Weiler. W\u00e4hrend der warmen Jahreszeit spazieren hie und da ein paar Touristen durchs Dorf, im Winter wird es in Pila wieder ruhig. Pila mit [&hellip;]<\/p>\n","protected":false},"author":1,"featured_media":0,"parent":0,"menu_order":0,"comment_status":"closed","ping_status":"closed","template":"","meta":{"_et_pb_use_builder":"on","_et_pb_old_content":"","_et_gb_content_width":"","footnotes":""},"class_list":["post-94","page","type-page","status-publish","hentry"],"_links":{"self":[{"href":"https:\/\/rustico-pila.ch\/index.php?rest_route=\/wp\/v2\/pages\/94"}],"collection":[{"href":"https:\/\/rustico-pila.ch\/index.php?rest_route=\/wp\/v2\/pages"}],"about":[{"href":"https:\/\/rustico-pila.ch\/index.php?rest_route=\/wp\/v2\/types\/page"}],"author":[{"embeddable":true,"href":"https:\/\/rustico-pila.ch\/index.php?rest_route=\/wp\/v2\/users\/1"}],"replies":[{"embeddable":true,"href":"https:\/\/rustico-pila.ch\/index.php?rest_route=%2Fwp%2Fv2%2Fcomments&post=94"}],"version-history":[{"count":46,"href":"https:\/\/rustico-pila.ch\/index.php?rest_route=\/wp\/v2\/pages\/94\/revisions"}],"predecessor-version":[{"id":357,"href":"https:\/\/rustico-pila.ch\/index.php?rest_route=\/wp\/v2\/pages\/94\/revisions\/357"}],"wp:attachment":[{"href":"https:\/\/rustico-pila.ch\/index.php?rest_route=%2Fwp%2Fv2%2Fmedia&parent=94"}],"curies":[{"name":"wp","href":"https:\/\/api.w.org\/{rel}","templated":true}]}}